r of h and 80?
40
Suppose o + 3*o - 84 = 0. Let t(n) = n**2 + 3*n + 1. Let m be t(-3). Suppose -11 = -4*h + m. Calculate the highest common divisor of o and h.
3
Let a be (1 + 1/2)*2. Suppose -4*d = 5*b - 382, -2*b - 3*d = -4*b + 162. Suppose 5*t = -4*j + 1 + b, -1 = t. Calculate the greatest common divisor of j and a.
3
Let l be ((-6)/4)/3*-12. Calculate the highest common divisor of l and 18.
6
Let b(t) = t**2 - 2*t - 5. Let f be b(4). Let o = -5 + f. Let i = o + 5. Calculate the highest common divisor of 3 and i.
3
Suppose z = 2 + 3. Suppose -z*u + 70 = -3*d, -5*u = d - 28 - 22. Calculate the greatest common divisor of 11 and u.
11
Let k be (-6)/14 + (-8220)/(-70). What is the highest common factor of k and 13?
13
Let u = -108 - -208. Suppose 5*h = 5*y - u, -11 = -2*h - 3. Calculate the highest common factor of y and 12.
12
Let x be 3/(-9) + 40/3. Let f = -7 - 51. Let j = 136 + f. Calculate the greatest common factor of x and j.
13
Let u be (13 - 9) + 24/2. Calculate the greatest common divisor of u and 24.
8
Let t be 1 - ((-241)/1 + 0). Suppose 8*i = 5*i + 132. Suppose 2*v = -0*v + i. Calculate the highest common divisor of t and v.
22
Suppose 4*d - 761 = 5*l, -d = -7*l + 2*l - 209. Calculate the greatest common divisor of d and 23.
23
Let b = -8 - -11. Suppose b*h + 98 = 4*l + 2*h, -5*l - 3*h = -114. Suppose -l = -o - 2*o. Calculate the greatest common factor of 56 and o.
8
Let j(q) = -q**2 + 29*q - 2. Let a be j(22). What is the highest common factor of 38 and a?
38
Suppose -25 + 10 = 5*t, u = -2*t - 3. Let q(h) = -h**3 + 3*h**2 + 3*h - 3. Let z be q(u). Calculate the greatest common divisor of 4 and z.
2
Suppose -2*w + 3 + 1 = q, -3*q + 6 = 0. Let j be (0 - w) + 21 + -5. Calculate the highest common factor of j and 165.
15
Suppose -5*r + 2*d + 91 = 16, 3*r - 2*d - 45 = 0. Suppose -5*k - 3*x - 2*x + 40 = 0, 0 = 3*k - 2*x - 34. Calculate the greatest common divisor of k and r.
5
Let g(h) = h - 7. Let x be g(9). Let w(u) = u**3 - u**2 - 4*u - 1. Let k be w(3). Calculate the highest common factor of k and x.
1
Let a be 29/4 - 2/8. Suppose 4*n + 2 = 6*n. What is the highest common divisor of n and a?
1
Suppose 5*b + 12 - 49 = -3*o, 3*b = -2*o + 24. Let u(y) = y**3 + 9*y**2 + 5*y - 18. Let i be u(-8). What is the greatest common factor of i and o?
3
Let s be (-620)/(-14) + (-16)/56. Let o = -65 + s. Let l be 1/(o/54)*-7. Calculate the greatest common factor of l and 162.
18
Let o(c) = -2*c + 44. Let i be o(19). What is the highest common factor of 9 and i?
3
Let u be (-2)/5 + 6/15. Let f be (u - 2)*6/(-4). What is the highest common factor of 6 and f?
3
Let t be -27*(-2)/(-1)*5/(-10). What is the greatest common factor of 9 and t?
9
Let y be (33/22)/((-1)/(-22)). Let h = -17 - -28. What is the greatest common divisor of h and y?
11
Suppose 2*j - 2*f - 40 = 0, 3*j - 40 = j + 3*f. What is the highest common divisor of j and 4?
4
Let w = 8 - 3. What is the greatest common divisor of 5 and w?
5
Suppose 3 = -a + 4*n + 28, -a - 5*n - 11 = 0. What is the greatest common factor of 72 and a?
9
Let h be 1 + 1 + -4 + 4. Suppose -h*m + 7 + 9 = 0. What is the greatest common factor of m and 8?
8
Let g = -93 + 181. Calculate the highest common divisor of g and 22.
22
Let j(w) = -w**2 + 6*w - 6. Let y be j(4). Suppose -2*a = -y*q - 16, -a + 24 = 4*a + 3*q. What is the highest common divisor of a and 30?
6
Suppose 74 + 94 = 3*s. Let z = 13 + -8. Suppose -l = 2*u - 14, -z*l - 6 = -2*l. What is the greatest common factor of s and u?
8
Let r be 1/(-2 - 82/(-42)). Let y = r + 38. What is the greatest common factor of 17 and y?
17
Suppose 0 = 4*z - j - 92, 128 = 4*z + z + 2*j. Suppose k + k + 282 = 3*b, 2*b + 4*k = 204. Calculate the greatest common divisor of z and b.
24
Let z = 196 + -171. Let s(l) = l**3 + 8*l**2 + 7*l + 5. Let n be s(-7). What is the highest common divisor of n and z?
5
Let l = 20 - 7. Let n = l - 9. Calculate the highest common divisor of 16 and n.
4
Suppose -3*o + 123 + 15 = 0. Suppose 0 = 5*a - 3*a - o. Suppose 5*k - 4*m - 30 = a, 3*k + m = 42. What is the highest common factor of k and 117?
13
Suppose -2*v + 0 = -6. Suppose -25 = -v*t + 5. Let m(y) = -2*y**3 - y**2 - 2*y - 10. Let a be m(-4). What is the greatest common divisor of t and a?
10
Suppose -3*r = 2*r - 50. Calculate the greatest common factor of 30 and r.
10
Let l be 28/21*(-6)/(-4). Let p(n) = n**3 - 4*n + 3. Let a be p(l). Let z be -1 + 3 - -3 - a. What is the greatest common factor of 3 and z?
1
Let h(c) = 23*c - 5. Suppose -4*o + o = 6. Let x(j) = j**2 - 2*j - 3. Let u be x(o). Let p be h(u). Calculate the greatest common divisor of 10 and p.
10
Suppose 2*z + y = 73, -z + 2*z - 5*y - 20 = 0. Suppose -89 = -4*a + z. Suppose a = 4*l + i + 4, -l - 3 = -3*i. What is the greatest common factor of 30 and l?
6
Let p(r) = 5*r**2 + 4*r + 8. Let k be p(-7). What is the greatest common factor of k and 25?
25
Suppose -m - 3*i = -2, 2*i - 7 = 3*m - 24. What is the highest common divisor of m and 45?
5
Let m be -241*(2 + -3 - 0). Let j = 29 - m. Let h be (-6)/(-27) - j/18. What is the highest common divisor of 96 and h?
12
Let l = 42 + 70. Let t = 65 - 51. Calculate the greatest common divisor of t and l.
14
Suppose 2*q = 230 + 134. Calculate the greatest common divisor of q and 28.
14
Let g be 454/6 + 2/(-3). Let k(f) = f**2 - 3*f + 10. Let h = 16 - 21. Let c be k(h). Calculate the highest common divisor of g and c.
25
Suppose 7*t - 34 = 5*t. Calculate the greatest common divisor of 153 and t.
17
Let h = 2 + -1. Let d be 1/2*(h - 3). Let c = d + 2. Calculate the highest common factor of c and 11.
1
Suppose 0 = 5*j - h - 3 - 4, 0 = 5*j - 3*h - 11. Suppose 2*n - 17 = -5*g, -1 - 7 = 2*n. What is the greatest common divisor of g and j?
1
Let i(f) = f**2 - 8. Let d be i(5). What is the greatest common factor of 68 and d?
17
Let z = -3 - -71. What is the highest common factor of 170 and z?
34
Suppose -3*k + 336 = -3*j, 4*k + 151 - 594 = 5*j. What is the greatest common divisor of 13 and k?
13
Let l(o) = o + 2. Let b be l(-8). Let r(i) = i**2 + 5*i - 7. Let d be r(-5). Let h = b - d. Calculate the highest common factor of 9 and h.
1
Let x = -11 + 14. Suppose -x*f + 188 = -f + 4*y, 0 = 3*f - y - 261. Calculate the highest common divisor of 8 and f.
8
Suppose 3*c - 106 = h - 5*h, 104 = 3*c + 5*h. Let i be (-92)/(-5) - (-6)/10. Calculate the greatest common divisor of i and c.
19
Let f be (((-270)/1)/(-3))/1. Calculate the greatest common factor of 10 and f.
10
Suppose m + 3*b = 6, 2*b - 43 = 2*m - 3*b. Let g = m - 2. Let k = g + 18. Calculate the highest common factor of k and 7.
7
Suppose -2*o - 30 = -12*o. Let s be (-1)/(-2) - (-29)/2. What is the greatest common divisor of o and s?
3
Let g = -48 - -74. Calculate the highest common divisor of g and 26.
26
Suppose t - 4*t - 9 = -5*s, -3*s = 5*t + 49. Let v be t/(-3)*18/8. Let b be (-2)/3 + (-228)/(-18). Calculate the greatest common divisor of b and v.
6
Let z = -10 + 21. What is the highest common divisor of z and 77?
11
Let j(p) = -p**2 - 8*p - 9. Let x be j(-6). Suppose -3*n + 9 = -x. What is the highest common divisor of n and 4?
4
Suppose -3*i - 1 = -4, -3*h + i + 107 = 0. Calculate the greatest common divisor of h and 9.
9
Let g(o) = 53*o**3 + o**2 - o + 1. Let h be g(1). Let a be 7 + 0 + (-4 - -3). Suppose a = 3*z - 2*z. Calculate the greatest common factor of h and z.
6
Let j(y) = 2*y - 3. Let h be j(7). What is the highest common factor of 11 and h?
11
Let d = 4 + -2. Let q(g) = -1 - g**3 - 4*g + g**d + 3*g - 5*g**3. Let t be q(-1). What is the greatest common factor of t and 7?
7
Let h be 35/6 + 1/6. Let k = -14 + 20. What is the highest common divisor of k and h?
6
Let s(h) = 2*h + 6. Let j be s(9). Let i = 104 - j. Calculate the greatest common factor of i and 10.
10
Let p = -43 + 63. Suppose 0*c - 5*c + 25 = -3*l, 4*c = -5*l + p. Suppose l = 3*a - 51 - 24. What is the highest common factor of 10 and a?
5
Let w(d) = -6*d + 6. Let n be w(-3). Calculate the highest common divisor of n and 216.
24
Let a = -61 + 101. Let i = -28 + a. Let z be 1/3 + 536/i. Calculate the greatest common divisor of z and 5.
5
Suppose -4*c - 98 = -354. What is the highest common divisor of 8 and c?
8
Suppose 5*u = 5*c + 100, 4*u + 2*c - 66 = -c. Suppos